6. Calculate the remainder when 50 is divided by o.
24
Calculate the remainder when 396 is divided by (3240/(-105))/18*(-140)/6.
36
Suppose -2*k - 6055 = -7*k. Suppose 26*c + 171 = k. Calculate the remainder when c is divided by 1 + -2 + 11*2.
19
Suppose 41*w - 10449 = 14*w. What is the remainder when w is divided by 66?
57
Let p = 505 - 469. What is the remainder when 80 is divided by p?
8
Let f(w) = w**2 - 2*w - 4. Suppose -5*a + 115 = -0. Let t = a + -17. What is the remainder when t is divided by f(4)?
2
Suppose 5*u = 9*u + d - 20, -4*u = 4*d - 32. Suppose -5*j + 151 = -89. Suppose -v = -u*v + j. Calculate the remainder when 31 is divided by v.
15
Suppose 2*h - 15 = -4*b - b, 0 = -4*b - 12. Let z(x) = -44*x - 10. Let k be z(-8). Suppose r + k = 7*r. What is the remainder when r is divided by h?
12
Let p(h) = 2*h**3 - 12*h**2 + h + 6. What is the remainder when 43 is divided by p(6)?
7
Let v(x) = -12*x + 872. Suppose 0 = -5*w + 404 + 386. Calculate the remainder when w is divided by v(70).
30
Suppose y = 0, 5*y = -0*m - m - 43. What is the remainder when (m/(-2) - 2)*2 is divided by (-16)/6*231/(-44)?
11
Let g(h) = h - 1. Let y be g(-3). Suppose 60 = -22*a + 82. Calculate the remainder when (-6)/4*y/6 is divided by a.
0
Suppose 0 = -4*w - 4*o + 248, 4*w + 3*o - 123 - 129 = 0. Suppose m + 4*q - 11 = q, -4*m - 5*q + 58 = 0. Calculate the remainder when w is divided by m.
15
Suppose 4*o + 151 - 439 = 0. Suppose 15 = -3*s + o. Suppose -24*v = -s*v - 415. What is the remainder when v is divided by 21?
20
What is the remainder when 127 is divided by (273/28)/((18/(-16))/(-3))?
23
Suppose -4*z - 347 = -5*j, 198 = 3*j + 3*z - 2*z. What is the remainder when 396 is divided by j?
61
Let p(x) = -x**3 - 7*x**2 - 10*x - 8. Let s be (10/(-3))/(1/(-6)). Suppose -2 = -d - 4*r - 12, 4*d - 4*r = -s. What is the remainder when 62 is divided by p(d)?
14
Suppose 6*o - 42 + 6 = 0. Suppose k + o*k - 203 = 0. Calculate the remainder when k is divided by 9.
2
Let c(p) = 60*p - 633. What is the remainder when 124 is divided by c(11)?
16
Suppose 3*v - 19 = 17. Let c(w) = -3*w + 1. Let k be c(-1). Suppose 0 = k*q - 3*l - 125, 0*q = q + 5*l - 60. What is the remainder when q is divided by v?
11
Suppose -4*m = 4*m + 432. Let p = 113 + m. Suppose d - 30 = -d. What is the remainder when p is divided by d?
14
What is the remainder when (403/(-26) + 13)*492/(-10) is divided by 30?
3
Let y(j) = -33*j + 14. What is the remainder when y(-4) is divided by 37?
35
Suppose 240 = -l + 5*l - 4*t, 0 = -t - 2. Let f = -9 + 14. Suppose -4*s - f*j + 55 = -10*j, -2*s + 34 = 4*j. What is the remainder when l is divided by s?
13
Let z be (-8)/3*(-12)/8. Let r(d) = -d**2 - 1 + 4 + 3*d + z*d. What is the remainder when r(6) is divided by 4?
1
Let x(n) = -3*n. What is the remainder when 4 - (-24)/(-2)*13/(-26) is divided by x(-2)?
4
Let a(h) = h**3 + 6*h**2 - h + 12. Let y be a(-6). Let b = y + -13. Suppose b*f + 11 = 106. Calculate the remainder when f is divided by 5.
4
Suppose 47*t - 43*t = 56. What is the remainder when 96 is divided by t?
12
Let t = 2284 + -1949. What is the remainder when t is divided by 23?
13
Suppose -3*l = -442 - 44. What is the remainder when l is divided by 24?
18
Let u(s) = 26*s - 4. Let w be u(2). Let p = 77 - w. What is the remainder when p is divided by ((0 - 1) + -14)/(-1)?
14
Suppose -837 = -44*w - 177. Calculate the remainder when 508 is divided by w.
13
Let i = 32 - 31. Calculate the remainder when 33 is divided by 0 + (-4)/i - -16.
9
Let z = -920 + 961. What is the remainder when 271 is divided by z?
25
Suppose 68 = 5*u + c - 4*c, -5*c + 8 = u. Let g(w) be the first derivative of -w**3/3 + 9*w**2 - 22*w + 11. What is the remainder when g(15) is divided by u?
10
Let x(q) = -q**3 + q + 1. Let o be x(-2). Suppose 3*w + 2*b - 51 = -b, 4*b = w - o. Let u = w - -30. Calculate the remainder when u is divided by 12.
9
Suppose 4*u = 38*j - 39*j + 703, 2*u + 5*j = 329. Calculate the remainder when u is divided by 60.
57
Suppose 6*c = 23 - 5. What is the remainder when 16 is divided by c?
1
Let a = 138 + -131. Suppose 68 = -2*h + 10. Let m = h + 41. Calculate the remainder when m is divided by a.
5
Suppose 2*i = -3*i. Let u = -1940 + 1946. What is the remainder when u is divided by (-4)/(-4) + i/(-1)?
0
Let c = 92 - 88. Let r(i) = i**2 - 8. Let p be r(8). Suppose g + p = 4*y, -5*g + 11 = -c*y + 83. What is the remainder when 23 is divided by y?
10
Suppose -z + x - 11 = -5*z, 2*x = 2*z + 2. Suppose 5*f = -r + 36, -2*r - 10 = -z*f + 14. Calculate the remainder when 39 is divided by f.
7
Let m = -2307 - -2311. What is the remainder when 291 is divided by m?
3
Let j be 8/20 + 392/(-5). Let i = j - -119. Calculate the remainder when i is divided by 11.
8
Suppose -9*g + 14*g - 95 = 0. Calculate the remainder when 52 is divided by g.
14
Suppose 550 = 36*f + 82. What is the remainder when 41 is divided by f?
2
Suppose 0 = 5*m + j - 115, j + 2*j = -4*m + 81. Calculate the remainder when 83 is divided by m.
11
Suppose -4*r - 4*j - 1 + 5 = 0, 0 = 3*r + 4*j + 2. Suppose r*f + 4*i - 130 = 4*f, 95 = f - 4*i. Calculate the remainder when f is divided by 19.
18
Suppose 6 = -5*n - 9. Calculate the remainder when (1 - n) + (47 - -2) is divided by 1 + 5 - (-2 - 0).
5
Let p = 63 + -50. Suppose -50 = -3*j + 97. What is the remainder when j is divided by p?
10
Let u = -396 - -768. Calculate the remainder when u is divided by 22.
20
Suppose -5*o + y + 40 = 2*y, 3*o - 36 = -3*y. Let l = 2287 + -2253. What is the remainder when l is divided by o?
6
What is the remainder when (-1)/((21/(-3))/8743) is divided by 11?
6
Let n(p) = -p**3 + 14*p**2 + 7. Let d be n(14). Suppose -d = b - 10. What is the remainder when 15/(-6)*6/(-5) is divided by b?
0
Let q = -131 + 162. Calculate the remainder when 151 is divided by q.
27
Let s = 42 + -15. Let k be 6 + -3 + (4 - 3). Suppose -x + 20 - k = b, b - 12 = 3*x. Calculate the remainder when s is divided by b.
12
Calculate the remainder when 18 is divided by (1 - 3/(-5))/((-200)/(-750)).
0
Let j(b) = b**2 + 21*b + 110. Suppose -3 = r, -f + 5*f - 2 = -2*r. Suppose -f*w + w = -23. Calculate the remainder when w is divided by j(-13).
5
Suppose 3*h - 35*g = -33*g + 291, -g - 294 = -3*h. Calculate the remainder when h is divided by 7.
1
Suppose -19*n = -24*n + 10. Suppose -3*q - 2*w - 1 = 0, -q + 6 = -n*w - 7. What is the remainder when ((-6)/4)/((-9)/24) is divided by q?
1
Suppose 0*h = 22*h - 1958. What is the remainder when h is divided by 9?
8
Let b(v) = 2*v**2 + 17*v - 9. Calculate the remainder when b(6) is divided by 17.
12
What is the remainder when ((-46)/92)/(1/(-596)) is divided by 15?
13
Let a be 3/2 + 2/4. Suppose -17 = -2*s + n - 2, 0 = 3*s - n - 20. Suppose -s = -a*m + m. Calculate the remainder when 6 is divided by m.
1
Let s(z) = 3*z**2 + 21*z + 206. What is the remainder when s(-9) is divided by 74?
38
Suppose 0 - 12 = -3*o. Suppose -4*m = 6*c - 2*c - 120, -120 = -o*m - 3*c. Calculate the remainder when 117 is divided by m.
27
Let y(w) = 7*w - 78. Let c = 10 - 5. What is the remainder when y(12) is divided by (-16)/(-10)*c/2?
2
Suppose 1 = -x + 36. Let u be 2/(-7) - 37/(-7). Suppose u*j = -21 + 81. What is the remainder when x is divided by j?
11
Suppose -285 = -5*u + 5*b, u + 3*b = -4*u + 245. What is the remainder when u is divided by ((-66)/36)/((-6)/36)?
8
Let v = 48 - -115. Calculate the remainder when v is divided by 11.
9
Let q = -27 - -41. Let s = 38 - 34. Suppose -3*y = -161 - s. Calculate the remainder when y is divided by q.
13
Suppose o + 3*o = 188. Let s = -4403 + 4416. What is the remainder when o is divided by s?
8
Suppose 0 = l + 2, -4*g - 5*l + 115 = 21. Calculate the remainder when 129 is divided by g.
25
Let w(o) = 57*o + 1. Let d be w(1). Let a = -33 + d. Let i(t) = t**3 + 10*t**2 + 8*t - 17. What is the remainder when i(-7) is divided by a?
24
What is the remainder when 34 is divided by (63/(-84))/((-4)/144)?
7
Let d(z) = z**2 - 6*z. Let f be d(7). Suppose 114 = 10*n - f*n. Let p = -9 + 19. Calculate the remainder when n is divided by p.
8
Suppose -2*v - 28*v + 10710 = 0. What is the remainder when v is divided by 12?
9
Let k = 8 + -1. Suppose -9*g = -4*g - 245. Suppose -3*f + 8 = -g. What is the remainder when f is di